 80 and 218590?
10
What is the highest common factor of 672 and 16968?
168
What is the greatest common factor of 216 and 35316?
108
Calculate the highest common divisor of 2301 and 4068935.
767
What is the greatest common factor of 44154 and 506?
22
What is the highest common divisor of 9900 and 1410?
30
What is the greatest common factor of 346 and 36676?
346
What is the greatest common factor of 390 and 18?
6
Calculate the greatest common factor of 9253 and 2375.
19
Calculate the greatest common divisor of 7308 and 58000.
116
Calculate the highest common factor of 2097087 and 228.
57
Calculate the highest common factor of 51330 and 1305.
435
Calculate the greatest common factor of 441 and 294000.
147
What is the greatest common factor of 10325 and 144025?
175
What is the highest common factor of 8295 and 315?
105
What is the highest common factor of 4710432 and 96?
96
What is the highest common divisor of 3108 and 6130012?
1036
What is the highest common divisor of 285 and 25023?
57
Calculate the highest common factor of 397813 and 26.
13
Calculate the highest common factor of 17517 and 9.
3
What is the highest common divisor of 238 and 379680?
14
What is the highest common divisor of 35451 and 156?
39
What is the highest common factor of 16833 and 1581?
93
What is the highest common divisor of 191315 and 1411?
83
Calculate the greatest common factor of 3342508 and 52.
52
What is the greatest common factor of 291 and 8633?
97
What is the greatest common divisor of 52947 and 54?
27
What is the greatest common factor of 796029 and 13?
13
Calculate the highest common divisor of 159510 and 285.
15
What is the greatest common factor of 264 and 97515?
33
What is the highest common factor of 9707 and 1713?
571
Calculate the greatest common factor of 1119 and 42.
3
What is the greatest common factor of 12 and 19551?
3
What is the highest common factor of 292 and 276524?
292
Calculate the highest common factor of 12 and 4612.
4
Calculate the greatest common divisor of 124 and 370946.
62
Calculate the highest common divisor of 180 and 1670.
10
What is the highest common factor of 243586 and 635?
127
Calculate the greatest common divisor of 82952 and 108.
4
What is the greatest common factor of 162666 and 84?
42
Calculate the greatest common factor of 229472 and 101.
101
What is the greatest common factor of 588 and 42231?
21
What is the highest common divisor of 3837 and 3431557?
1279
What is the highest common factor of 107863 and 399?
133
What is the greatest common divisor of 2046 and 5332?
62
Calculate the greatest common divisor of 1995 and 3.
3
What is the highest common divisor of 6210 and 33189?
69
What is the greatest common factor of 11 and 1793?
11
What is the highest common divisor of 1272 and 8?
8
What is the greatest common divisor of 1563 and 10108963?
521
What is the greatest common divisor of 333528 and 150?
6
What is the greatest common divisor of 144137 and 224?
7
Calculate the greatest common factor of 189 and 2911005.
27
What is the greatest common factor of 129976 and 256?
8
What is the greatest common divisor of 1536 and 330?
6
Calculate the highest common factor of 4960 and 6432.
32
What is the highest common factor of 1382239 and 1124?
281
Calculate the greatest common divisor of 136 and 25636.
68
What is the highest common divisor of 321616 and 16?
16
What is the highest common divisor of 324935 and 65?
65
What is the greatest common factor of 520 and 1120184?
104
What is the greatest common factor of 9877 and 153?
17
What is the highest common factor of 74 and 45769?
37
What is the highest common factor of 707 and 110191?
101
Calculate the highest common divisor of 12118 and 4526.
146
Calculate the greatest common divisor of 2171 and 19205.
167
Calculate the greatest common divisor of 471390 and 2280.
570
Calculate the highest common divisor of 1230 and 157980.
30
Calculate the highest common divisor of 138920 and 120.
40
What is the greatest common factor of 1755889 and 23?
23
Calculate the greatest common divisor of 2718 and 36.
18
Calculate the greatest common divisor of 30 and 183385.
5
Calculate the highest common factor of 93233 and 399.
133
Calculate the highest common divisor of 4774 and 145266.
682
Calculate the highest common factor of 210249 and 975.
39
What is the greatest common factor of 190 and 6954665?
95
What is the highest common factor of 117132 and 43?
43
Calculate the highest common divisor of 164 and 844108.
164
What is the greatest common divisor of 6672081 and 39?
39
Calculate the greatest common factor of 35183 and 4077.
151
What is the highest common factor of 17265 and 135?
15
What is the highest common factor of 45 and 192400?
5
Calculate the highest common divisor of 56515 and 178.
89
What is the highest common divisor of 650 and 36478?
26
Calculate the highest common divisor of 891 and 1441.
11
What is the highest common divisor of 96 and 2669988?
12
Calculate the greatest common factor of 152306 and 37582.
1978
Calculate the greatest common factor of 943 and 2047.
23
Calculate the highest common divisor of 442 and 27664.
26
Calculate the greatest common divisor of 424 and 6458792.
424
What is the greatest common factor of 45713 and 17?
17
What is the greatest common divisor of 47594 and 106?
106
Calculate the greatest common divisor of 15717 and 507.
507
Calculate the highest common divisor of 152261 and 856.
107
What is the greatest common factor of 3537637 and 457?
457
Calculate the greatest common factor of 47759 and 326.
163
What is the highest common factor of 317187 and 234?
117
What is the highest common factor of 55454 and 4194?
466
What is the highest common divisor of 15 and 1303?
1
Calculate the highest common divisor of 58050 and 37125.
675
Calculate the highest common factor of 3718 and 3091.
11
What is the greatest common divisor of 822 and 7905174?
822
What is the highest common factor of 89 and 598258?
89
Calculate the highest common divisor of 118597 and 24941.
509
Calculate the highest common factor of 536850 and 390.
30
Calculate the highest common divisor of 1729 and 32053.
133
What is the highest common factor of 1116904 and 894?
298
What is the highest common divisor of 548782 and 26?
26
Calculate the greatest common divisor of 837 and 17484.
93
What is the greatest common factor of 3065 and 115?
5
Calculate the greatest common divisor of 355140 and 144.
36
Calculate the highest common divisor of 27075 and 675.
75
Calculate the highest common divisor of 79628 and 4.
4
What is the highest common factor of 7360 and 4715?
115
Calculate the greatest common divisor of 9952 and 224.
32
Calculate the greatest common divisor of 46522 and 112.
14
What is the highest common divisor of 3005 and 15?
5
What is the greatest common divisor of 440 and 2695?
55
What is the highest common factor of 5056 and 36?
4
Calculate the highest common factor of 18042 and 62.
62
What is the highest common factor of 50 and 9270050?
50
Calculate the highest common divisor of 7 and 27433.
7
What is the greatest common divisor of 4708 and 572?
44
Calculate the greatest common factor of 288410 and 573.
191
What is the highest common factor of 6001 and 1765?
353
Calculate the greatest common factor of 2428 and 3532.
4
What is the greatest common divisor of 1002561 and 21?
21
What is the greatest common divisor of 180 and 596610?
90
Calculate the greatest common factor of 459 and 816.
51
What is the greatest common divisor of 40 and 168620?
20
Calculate the greatest common divisor of 6852503 and 1526.
763
Calculate the greatest common factor of 3884010 and 46.
46
Calculate the highest common factor of 20 and 609340.
20
Calculate the greatest common divisor of 11934 and 2142.
306
What is the greatest common divisor of 10767408 and 303?
303
Calculate the highest common divisor of 2904 and 1544.
8
Calculate the greatest common divisor of 105666 and 12.
6
What is the greatest common divisor of 411629 and 3103?
107
Calculate the highest common factor of 744 and 59241.
93
What is the greatest common divisor of 118552 and 292?
292
What is the highest common factor of 76 and 11476?
76
Calculate the highest common divisor of 1833 and 14523.
141
Calculate the highest common divisor of 27116 and 12.
4
What is the 